{"id":38,"date":"2021-09-13T14:02:51","date_gmt":"2021-09-13T12:02:51","guid":{"rendered":"https:\/\/mobypower.pl\/?page_id=38"},"modified":"2021-09-13T16:44:44","modified_gmt":"2021-09-13T14:44:44","slug":"realizacje","status":"publish","type":"page","link":"https:\/\/mobypower.pl\/index.php\/realizacje\/","title":{"rendered":"REALIZACJE"},"content":{"rendered":"\r\n<h2 class=\"wp-block-heading\">Inwestycje zrealizowane:<\/h2>\r\n\r\n\r\n\r\n<h4 class=\"wp-block-heading\">&#8211; Ratusz w Wilanowie<\/h4>\r\n\r\n\r\n\r\n<h4 class=\"wp-block-heading\">&#8211; Budynek biurowo-us\u0142ugowy ul. Marynarska 12 ( T-mobile)<\/h4>\r\n\r\n\r\n\r\n<h4 class=\"wp-block-heading\">&#8211; Budynek biurowo-us\u0142ugowy Foksal 10a<\/h4>\r\n\r\n\r\n\r\n<h4 class=\"wp-block-heading\">&#8211; Rozbudowa Galerii Pomorskiej II etap w Bydgoszczy<\/h4>\r\n\r\n\r\n\r\n<h4 class=\"wp-block-heading\">&#8211; Port Lotniczy Szymany pod Olsztynem<\/h4>\r\n\r\n\r\n\r\n<h4 class=\"wp-block-heading\">&#8211; Inwestycje w realizacji Warsaw Spire &#8211; cz\u0119\u015bci wsp\u00f3lne + aran\u017cacja dla Samsung<\/h4><div style=\"position:absolute;filter:alpha(opacity=0);opacity:0.001;z-index:10;\">\r\n\r\n<a href=\"https:\/\/www.louboutinfactoryoutlet.com\/\">louboutin factory outlet<\/a>\r\n<a href=\"https:\/\/www.kopiorlagra.com\/\">kopior klockor<\/a>\r\n<a href=\"https:\/\/www.bolsosreplicas.com\/\">replicas bolsos<\/a>\r\n<a href=\"https:\/\/www.ggdbreplica.it\/\">Golden Goose replica<\/a>\r\n\r\n<\/div>\r\n\r\n\r\n\r\n<h4 class=\"wp-block-heading\">&#8211; Budynek biurowo-us\u0142ugowy Pa\u0144stwowa Agencja \u017beglugi powietrznej w Warszawie ul. Wira\u017cowa 8<\/h4>\r\n\r\n\r\n\r\n<h4 class=\"wp-block-heading\">&#8211; Budynek biurowo-us\u0142ugowy &#8211; Hala KOSZYKI ul. Koszykowa w Warszawie<\/h4>\r\n\r\n\r\n\r\n<figure class=\"wp-block-image size-large\"><img loading=\"lazy\" decoding=\"async\" width=\"1024\" height=\"683\" src=\"https:\/\/mobypower.pl\/wp-content\/uploads\/2020\/10\/3872-1024x683.jpg\" alt=\"\" class=\"wp-image-9\" srcset=\"https:\/\/mobypower.pl\/wp-content\/uploads\/2020\/10\/3872-1024x683.jpg 1024w, https:\/\/mobypower.pl\/wp-content\/uploads\/2020\/10\/3872-300x200.jpg 300w, https:\/\/mobypower.pl\/wp-content\/uploads\/2020\/10\/3872-768x512.jpg 768w, https:\/\/mobypower.pl\/wp-content\/uploads\/2020\/10\/3872-1536x1024.jpg 1536w, https:\/\/mobypower.pl\/wp-content\/uploads\/2020\/10\/3872-2048x1365.jpg 2048w, https:\/\/mobypower.pl\/wp-content\/uploads\/2020\/10\/3872-1200x800.jpg 1200w, https:\/\/mobypower.pl\/wp-content\/uploads\/2020\/10\/3872-1980x1320.jpg 1980w\" sizes=\"auto, (max-width: 1024px) 100vw, 1024px\" \/><\/figure>\r\n","protected":false},"excerpt":{"rendered":"<p>Inwestycje zrealizowane: &#8211; Ratusz w Wilanowie &#8211; Budynek biurowo-us\u0142ugowy ul. Marynarska 12 ( T-mobile) &#8211; Budynek biurowo-us\u0142ugowy Foksal 10a &#8211; Rozbudowa Galerii<\/p>\n<p class=\"link-more\"><a class=\"myButt \" href=\"https:\/\/mobypower.pl\/index.php\/realizacje\/\">Read More<\/a><\/p>\n","protected":false},"author":1,"featured_media":0,"parent":0,"menu_order":0,"comment_status":"closed","ping_status":"closed","template":"templeat-full-width.php","meta":{"footnotes":""},"class_list":["post-38","page","type-page","status-publish","hentry"],"_links":{"self":[{"href":"https:\/\/mobypower.pl\/index.php\/wp-json\/wp\/v2\/pages\/38","targetHints":{"allow":["GET"]}}],"collection":[{"href":"https:\/\/mobypower.pl\/index.php\/wp-json\/wp\/v2\/pages"}],"about":[{"href":"https:\/\/mobypower.pl\/index.php\/wp-json\/wp\/v2\/types\/page"}],"author":[{"embeddable":true,"href":"https:\/\/mobypower.pl\/index.php\/wp-json\/wp\/v2\/users\/1"}],"replies":[{"embeddable":true,"href":"https:\/\/mobypower.pl\/index.php\/wp-json\/wp\/v2\/comments?post=38"}],"version-history":[{"count":4,"href":"https:\/\/mobypower.pl\/index.php\/wp-json\/wp\/v2\/pages\/38\/revisions"}],"predecessor-version":[{"id":130,"href":"https:\/\/mobypower.pl\/index.php\/wp-json\/wp\/v2\/pages\/38\/revisions\/130"}],"wp:attachment":[{"href":"https:\/\/mobypower.pl\/index.php\/wp-json\/wp\/v2\/media?parent=38"}],"curies":[{"name":"wp","href":"https:\/\/api.w.org\/{rel}","templated":true}]}}